 k + 1. Calculate the highest common factor of 25 and n.
5
Let c(q) = q**2 - q + 4. Let r be c(5). Calculate the highest common factor of 6 and r.
6
Let w = 1 - -7. What is the highest common factor of 32 and w?
8
Let d(r) = 2 - 2 - r + 2*r. Suppose 0 = n - 7 - 2. Let i be d(n). What is the greatest common divisor of 81 and i?
9
Suppose -4*f + 1 = 21. Let r(m) = -m**3 - 2*m**2 + 5*m + 6. Let z be r(f). Calculate the highest common factor of z and 14.
14
Let l = 144 - 132. Calculate the greatest common divisor of l and 16.
4
Let k = 4 - 2. Let a be (3/k + -2)*-36. Calculate the greatest common factor of a and 198.
18
Let f = 78 - 33. Suppose 0*k + k - 2 = 0. Let a be (12/(-10))/(k/(-15)). What is the greatest common divisor of f and a?
9
Let a = -24 + -2. Let v = a - -32. Calculate the highest common factor of 48 and v.
6
Suppose -2*p = -3*b - 82, 2*b + 9 = 2*p - 49. Let a = b + 27. What is the greatest common factor of 3 and a?
3
Suppose -r + 1 + 4 = 0. Let o(k) = -k**3 + 8*k**2 - 6*k + 3. Let z be o(r). What is the greatest common divisor of z and 12?
12
Let s be 8/1 - -1 - 3. Suppose -4*w + 4*p + 175 = -53, -51 = -w + 3*p. Calculate the highest common divisor of s and w.
6
Suppose -2 = 3*l + 5*n, 0 = 3*l + 2*n - 10. Let k be 64/((-2)/(-2)) - -2. What is the greatest common divisor of l and k?
6
Suppose 2*s = -2*b + 21 + 5, -5*s - 16 = -4*b. Calculate the greatest common factor of b and 18.
9
Suppose 0*r - 85 = -r. Calculate the highest common divisor of 51 and r.
17
Let b(k) = -5*k + 0*k - 2*k - k**3 + 8*k**2 - 8. Suppose 0 = -2*y + 5*y - 18. Let g be b(y). What is the greatest common divisor of 154 and g?
22
Let y be (-96)/(-40)*1/((-3)/(-200)). Calculate the greatest common factor of y and 32.
32
Suppose -4*h = 2*d - 36, -25 - 23 = -3*d - 3*h. What is the highest common divisor of d and 14?
14
Suppose -297 - 31 = -2*j. Suppose 5*v + j = 5*b + 14, 0 = -4*b - 2*v + 102. What is the greatest common factor of b and 297?
27
Let b be -1 + 5 - (-2)/2. Let r be b/2 - (-2)/4. Let g be (-6)/(-21) + (-10)/(-14). What is the highest common factor of g and r?
1
Suppose 3*z - 2*z - 6 = 0. Calculate the greatest common divisor of z and 15.
3
Let i(a) = 104*a**3 + 1. Let l(v) = 5*v + 1. Let g be l(-1). Let n = -3 - g. Let r be i(n). What is the greatest common divisor of 15 and r?
15
Let q be 326/12 - ((-161)/42)/(-23). Calculate the greatest common factor of 216 and q.
27
Let l = 418 + -242. Let d be 2/(-9)*6*99/(-6). Calculate the highest common factor of d and l.
22
Let t(v) = -v. Let j be t(-4). Suppose 7 = 2*a - 3*l, 4*a + 0*a + 4*l = j. Let c be (-10)/(-2) + -1*a. Calculate the highest common divisor of 3 and c.
3
Let c be -1 + (-9)/3*-1. Suppose 3*o = c*o + 3. Suppose 8*m = o*m + 400. What is the greatest common divisor of 16 and m?
16
Suppose v + 138 = -5*k - 3*v, 4*v = -4*k - 112. Let g = -10 - k. Let j be (-122)/(-5) - 4/10. Calculate the greatest common divisor of j and g.
8
Suppose -4*f = -5*f + 15. Suppose -5*a - 2*m - 1 + 21 = 0, -f = 3*m. Calculate the highest common divisor of a and 3.
3
Let p(j) = j**2 - 3*j - 24. Let o be p(-9). Let q(g) = g**2 + 5*g + 8. Let v be q(-6). What is the highest common factor of v and o?
14
Let d = 337 - 128. Suppose 4*a + 33 = d. What is the greatest common factor of a and 22?
22
Let k be (-84)/12*(-2 - 2 - -2). Suppose -132 = -2*q + 4*y, -125 = -q - 5*y - 45. Calculate the highest common divisor of q and k.
14
Suppose -2*q + 3*q = -3*x + 58, 5*x - 5*q = 130. Let h = -331 - -562. What is the highest common factor of x and h?
21
Let w = 22 + -11. What is the highest common divisor of w and 77?
11
Let t(k) = -k**3 + k**2 + 3*k - 2. Let p be t(2). Suppose p = -2*x - x + 9. Let s be (-2 - 0/x) + 58. Calculate the highest common divisor of s and 14.
14
Let r(t) = -7*t + 7. Let d be r(-2). What is the greatest common factor of d and 147?
21
Suppose -4*l + p = -159, 0 = 2*l - p - 2*p - 77. Let z(v) = v**2 - 11*v + 38. Let f be z(6). Calculate the greatest common factor of l and f.
8
Suppose -2*q = -4*q + 4. Let i = -114 - -239. Let d be (4/5)/(q/i). Calculate the highest common divisor of d and 20.
10
Suppose 2*x + 26 = 5*f, 2*x = 6*x - 2*f + 20. Let q = -11 - x. Let s = q + 13. What is the greatest common factor of s and 40?
5
Let m be -1*88/(-20)*20. What is the highest common divisor of m and 11?
11
Suppose -4*y = -9*y. Suppose y = 2*q - 3*p + 2, -5*q - 2*p + 2 = -6*p. Let i be 36/15 + q/(-5). Calculate the highest common divisor of 14 and i.
2
Suppose 0 = -3*f + 3*g - g + 28, 50 = 5*f - 5*g. What is the greatest common factor of 56 and f?
8
Let r(o) = -16*o - 5. Let v be r(-6). Let j = 9 + 4. What is the greatest common factor of v and j?
13
Let y = 16 - 14. Suppose y*o - 198 = -o. Calculate the greatest common divisor of o and 22.
22
Suppose 4*l + 3*m + 98 = 1185, 10 = 2*m. Let g = 455 - l. What is the highest common factor of 17 and g?
17
Suppose 0 = -4*b - b + 90. Calculate the greatest common factor of 18 and b.
18
Let w(s) = 11*s**3 - s. Let q be w(1). What is the greatest common divisor of 80 and q?
10
Let t(q) = -410*q**2. Let u be t(1). Let n be 2 - u/(-3 + 5). Calculate the highest common divisor of n and 23.
23
Suppose 2*c - 2 = t - 0, 15 = 5*c. Suppose 5*i = 7*i - t. Calculate the greatest common factor of 6 and i.
2
Let y be 3/3 + (-42)/(-3). Calculate the greatest common factor of 6 and y.
3
Let z = 0 - -3. Suppose -5*r - i + 128 = -z*i, -r + 12 = 3*i. Suppose -72 = -4*k + 2*k. What is the greatest common factor of r and k?
12
Suppose -4*c = 12, -4*u = -2*c - c + 11. Let p be (-2)/2*-1 + -4 - -22. Let m = p - u. Calculate the highest common factor of m and 16.
8
Suppose -3*g - 9 = -69. Suppose -2*i + 76 + 24 = 0. Calculate the highest common divisor of g and i.
10
Let g = 85 + -52. Calculate the highest common factor of g and 3.
3
Let i = -17 + 31. Let z = -147 - -245. What is the greatest common divisor of z and i?
14
Suppose 5*t = -2*j + t + 22, t = -5. Let o be 14/j*(12 + 0). Let l be o - (-3 + (0 - -4)). What is the highest common factor of 63 and l?
7
Let c(z) = z - 1. Let v be c(3). Suppose -5*s - 111 + 41 = -5*u, -4*u + 44 = v*s. What is the greatest common factor of 24 and u?
12
Let s be 2/(-7) + (-148)/(-28). Suppose -s*i - k + 75 = 0, -2*i + 4*k + 29 = -23. Calculate the highest common divisor of 2 and i.
2
Let r be 2/(-6) - 56/(-6). Suppose 8*s - 630 = -2*s. Calculate the highest common divisor of s and r.
9
Suppose 3*c = 6 + 48. Let p be (-3)/(-6) + 2872/16. What is the greatest common factor of c and p?
18
Let v be 54/1 - (-3 - (-2 + 0)). What is the highest common factor of 5 and v?
5
Let d = -51 + 53. What is the greatest common divisor of d and 32?
2
Let r be (7/(-7))/((-1)/15). Calculate the highest common factor of 135 and r.
15
Let x(c) = c**3 - 2*c - 1. Let o be x(5). Suppose 3*w + w - o = -2*h, -39 = -w + 3*h. Calculate the greatest common divisor of 10 and w.
10
Suppose 0 = -y + 2*y + g - 67, 0 = -4*y + 4*g + 236. Suppose 2*z + 3*t = 23, z + 3*t + 12 = 4*z. What is the greatest common divisor of y and z?
7
Suppose 2*b + 1 = 3. Let o(v) = -v**2 + 5*v - 6. Let g be o(5). Let a(m) = -3*m - 9. Let z be a(g). What is the highest common divisor of b and z?
1
Suppose -4*s + 3*x + 219 = s, -3*s + 133 = -x. Calculate the highest common divisor of 9 and s.
9
Suppose 2*u = -m + 3*u + 51, u + 107 = 2*m. Calculate the greatest common factor of 8 and m.
8
Let b(x) = -x**2 + 10*x - 8. Let v be b(3). Calculate the greatest common divisor of 26 and v.
13
Suppose n + 25 = 2*n. Suppose 10*i = 5*i + n. Suppose -28 = -i*q + q. Calculate the greatest common factor of 56 and q.
7
Let d be (-4)/6 - (-14)/3. Let h = 69 + -37. What is the greatest common divisor of d and h?
4
Let m = 125 - 51. Suppose 19 - m = -5*o. Calculate the greatest common factor of 11 and o.
11
Let p be (-4)/(-6) - (-40)/12. Suppose 4*d + 3*m = 21, d + p*m + 2 - 4 = 0. Let r = 0 - -18. What is the highest common divisor of d and r?
6
Let i = 49 - 47. Suppose 0*t + 2*t - 52 = 0. Suppose -3*g = 5*x - 96 + 22, x - 5*g = t. Calculate the highest common factor of x and i.
2
Suppose 2*o - 3*o = -8. Suppose 6*f + 14 = o*f. Let n(g) = -g**3 + 7*g**2 - 6*g + 4. Let b be n(4). Calculate the greatest common factor of b and f.
7
Let d 